et z be (-1)/(-1 + (-3 - -3)). List the prime factors of (2/7)/(z/7).
2
Let b(m) = m**2 + 5*m - 3. What are the prime factors of b(4)?
3, 11
Suppose 5*v - 14 = k, 2*v = -5*k + 91 - 26. Let f = 0 + k. List the prime factors of f.
11
What are the prime factors of (-1 + 56)/((-16)/(-32))?
2, 5, 11
Suppose p = 0, 147 = a - 4*p + 6*p. What are the prime factors of a?
3, 7
Let j(p) = p**2 + 2*p + 4. What are the prime factors of j(3)?
19
Let y(t) be the second derivative of -t**3/3 + 2*t. Let a be y(-2). Suppose 4*b = -0*o + a*o + 40, b = -o + 8. What are the prime factors of b?
3
What are the prime factors of 2 - 5/(5/(-22))?
2, 3
Suppose -5*p + 3*q - 1081 + 3289 = 0, 0 = 5*p - 2*q - 2207. What are the prime factors of p?
3, 7
Let a(m) = -m**2 + 5*m + 4. Let s be a(5). Suppose -2 - 2 = s*b. What are the prime factors of b*1 - (-3 - 4)?
2, 3
Let d(y) = y**2 + 3*y - 8. Suppose 3*k + 6 = 27. Let j = -13 + k. What are the prime factors of d(j)?
2, 5
Let g(p) = -14*p - 1. List the prime factors of g(-1).
13
Let n(h) = 3*h**3 + 16*h**2 - h - 13. Let g(r) = 2*r**3 + 16*r**2 - r - 13. Let c(o) = -4*g(o) + 3*n(o). List the prime factors of c(16).
29
Let f(w) = -w**2 + 10*w + 14. Let p be (-2)/(-11) + 75/11. Let i(k) = k + 3. Let h be i(p). What are the prime factors of f(h)?
2, 7
Suppose -12 = 3*j - 552. What are the prime factors of j?
2, 3, 5
Let q = 142 - 39. What are the prime factors of q?
103
Let o(x) = -3 - 6 + 4*x**3 - 6*x + 5*x**2 + 2. Let s(t) = 3*t**3 + 4*t**2 - 5*t - 6. Let d(u) = -4*o(u) + 5*s(u). What are the prime factors of d(-2)?
2
Let t be (-62 + 2)*2/(-4). Let b = t + -19. Let o(d) = d**2 - 9*d - 13. List the prime factors of o(b).
3
Suppose -6 = 4*z + 26. Let w(f) = -f**2 + 9*f - 1. Let j(n) = -4*n**2 + 28*n - 4. Let c(x) = -2*j(x) + 7*w(x). List the prime factors of c(z).
3
Let v be (20/(-8))/((-2)/4). Let x(j) = -3*j + 7. Let k be x(v). Let y = 16 + k. List the prime factors of y.
2
Suppose d = 2, 4*y + 3*d = y + 1077. What are the prime factors of y?
3, 7, 17
Let q = 4 + -1. List the prime factors of 6 + q/(9/3).
7
Let y be (-2)/(-2 + 0)*3. Suppose 0 = -y*r + 4*r + 3*v + 15, 0 = 2*r + 5*v + 25. Suppose r = -4*x + 5*x - 2. What are the prime factors of x?
2
Let x = 34 + 42. Suppose 0 = 2*g - 4*g. Suppose 4*w - p - 66 = g, 6*p - x = -4*w + 2*p. List the prime factors of w.
17
Let z(r) = r**3 + 16*r**2 + 17*r - 19. List the prime factors of z(-14).
3, 5
Suppose 2*d + 4*a = -0*a + 44, 50 = 2*d + a. Suppose -3*o + 27 + 12 = 0. Let g = d - o. What are the prime factors of g?
13
List the prime factors of 5 + -5 - 4*-8.
2
Suppose 0 = 3*m - 5 - 10. Suppose m = -q + 16. List the prime factors of q.
11
Let n(p) be the first derivative of p**2/2 - p - 3. Let r be n(5). List the prime factors of (6/r)/((-2)/(-12)).
3
Let c(f) = f**3 - 6*f**2 + 2*f + 9. List the prime factors of c(6).
3, 7
Let p = 215 + -147. List the prime factors of p.
2, 17
Suppose f = 2*f - 3*r - 44, -2*r + 220 = 5*f. Let v = -27 + f. What are the prime factors of v?
17
Suppose 0 = 3*d + 4*s + 16, 0 = -2*d - 2*s - 6 - 2. Suppose 5*u - 21 = -0*i + 2*i, -5*i - 3*u + 25 = 0. Let x = i + d. What are the prime factors of x?
2
Suppose -22*p = -21*p - 207. What are the prime factors of p?
3, 23
Suppose -2*z - 4*m + 14 = 0, 8*z - 3*z = -3*m. Let g(v) = -4*v - 4. What are the prime factors of g(z)?
2
Let q = 3 + 7. Suppose r - 4 - q = 0. What are the prime factors of r?
2, 7
Let r = -6 + 3. Let u(p) = 3*p + 2*p**2 + p**2 - 2*p**2 + 3. What are the prime factors of u(r)?
3
Let l = -15 + 6. Let c = 19 + l. What are the prime factors of c?
2, 5
Let s = -1 + 40. What are the prime factors of s?
3, 13
Let l be 1*-4*(-3)/4. Suppose -3*o - 49 = -4*g, -3*o + 2*o = l. List the prime factors of g.
2, 5
Let f(t) = 4*t**2 - 7*t - 24. Let i(k) = -k**2 + 2*k + 6. Let p(a) = -2*f(a) - 9*i(a). Suppose 3*n - 20 = -2. List the prime factors of p(n).
2, 3
Suppose 30 = -2*m - m. What are the prime factors of (-8)/m*(3 - -2)?
2
Let s be ((-28)/(-6))/(4/24). Suppose -s = 2*w - 6*w. What are the prime factors of w?
7
Let u be 54/4 + 1/2. Let a = 10 - u. Let i = a + 10. What are the prime factors of i?
2, 3
Let q(m) = 3*m**3 + m**2 - m. What are the prime factors of q(1)?
3
Suppose 5*h + 46 - 1 = 0. Let f = h - -15. List the prime factors of f.
2, 3
Let k = -3 + 6. Suppose -2*d - d = -2*p + 77, 3*p + k*d - 78 = 0. List the prime factors of p.
31
Let k(o) = -5*o**2 + o. Let d be k(1). Let m be 6/(-4)*4/(-6). What are the prime factors of m + ((-4)/2 - d)?
3
Let v(f) be the third derivative of f**6/120 + f**5/60 - f**4/12 - f**2. Let r be v(-2). Let u = r - -8. List the prime factors of u.
2
Suppose 5*f + 45 = b, -3*b + 18 = -5*f - 17. What are the prime factors of f/(-5) - (-15 - 0)?
17
Let q(c) = 18*c - 2. Let j be q(11). Suppose -5*a + 2*w + j = 0, 2*a + w - 42 = a. Suppose a = x + x. List the prime factors of x.
2, 5
Let a(l) = -l**3 - 2*l**2 + 5*l - 2. Let m be a(-6). Let j be m/20 + (-6)/10. Suppose j*d = -0*d + 95. What are the prime factors of d?
19
Let i(a) = -a**3 + 2*a**2 - 3*a - 1. Let m be i(3). Let b = -7 - m. List the prime factors of b.
2, 3
Let a = 20 + -15. Suppose 0*q = 2*q - 3*h - 54, -a*q + 3*h = -126. List the prime factors of q.
2, 3
Let x = -6 + 6. Suppose 3*z + x*z = 15. List the prime factors of z.
5
Suppose -t + 2 = -2*n, -3*t = -t + 5*n - 31. Let v = t + -6. Suppose 2*s + 2*p - 24 = 0, 2*s - 30 = -v*s + 2*p. What are the prime factors of s?
3
Suppose o - 3*o = -72. Suppose -4*q + q = -o. Suppose 5*a - q = a. What are the prime factors of a?
3
Let q(s) = -10*s**2 + 4*s + 1. Let c(t) = -39*t**2 + 17*t + 4. Let k(n) = 2*c(n) - 9*q(n). List the prime factors of k(-2).
3, 17
Let n be 2/(-1*(1 + 1)). Let t be (-4)/(-8)*2/n. List the prime factors of t*-2*2/2.
2
Suppose -2*f + 0 = -6. Suppose 5*r - p - 4*p = 0, 0 = -3*r + 4*p - f. What are the prime factors of r?
3
Suppose t + 12 = 3*t. Let g(f) = -6*f**2 + 7*f**2 - t - f + 24. What are the prime factors of g(0)?
2, 3
Suppose -5*g + 1613 = -3*i, -2*g + 254 = i - 389. List the prime factors of g.
2, 7, 23
Suppose -2*t = 3*w - 18, 0*t + 38 = 2*t - 2*w. Suppose 0 = -2*u + 7*u - t. Suppose -3 - 21 = -2*f + 2*z, -f - u*z = -20. List the prime factors of f.
2, 7
Let c(x) = 3*x**2 + 5*x - 4. List the prime factors of c(3).
2, 19
Let t = -2 - 5. Let p(l) = -l**2 + 2 - 8*l + 0*l**2 + 1. List the prime factors of p(t).
2, 5
Let b(y) be the second derivative of 1/2*y**2 + 1/6*y**3 - 3*y + 0. What are the prime factors of b(7)?
2
Let o(l) = l**3 + 8*l**2 + 8*l + 18. What are the prime factors of o(-6)?
2, 3, 7
Let w = 97 + 8. What are the prime factors of w?
3, 5, 7
List the prime factors of (-3*(-4)/18)/((-8)/(-2724)).
227
Suppose 5*y + 0 - 10 = 0. Let v be ((-4)/(-4))/(y/6). Suppose -2*d = -2*j - 3*d + 16, -2*j + v*d = -24. List the prime factors of j.
3
Let b = -19 - -21. Suppose 4*v - 29 = -x, -b*x + x = v - 20. List the prime factors of x.
17
Let w be -3 + -1 + 3 + -2. List the prime factors of ((-1)/w)/((-7)/(-105)).
5
Suppose 2*y = -o + 173, y = -2*y + 2*o + 242. What are the prime factors of y?
2, 3, 7
Suppose -z = -5*y - 42 + 694, 5*y - 640 = 5*z. What are the prime factors of y?
131
Let d(r) = 70*r - 29. List the prime factors of d(6).
17, 23
Suppose -321 = -2*j + k + 358, j = -3*k + 322. What are the prime factors of j?
337
Let c(a) = -3*a**2 - 5*a + 346. List the prime factors of c(0).
2, 173
Suppose 0 = -3*f + 4 + 8. Let n(m) = -f*m + 2*m - 1 + 6*m. What are the prime factors of n(2)?
7
Suppose 0 = 3*o - o - 20. Suppose 5*w - 35 + o = 0. What are the prime factors of w - (-1 - -2 - 2)?
2, 3
Let s(g) = 9*g + 13. List the prime factors of s(23).
2, 5, 11
Let s = 12 + 1. Suppose -3*y + s + 41 = 0. Suppose 2*p - 21 = 5*n - 9, 3*p = -3*n + y. What are the prime factors of p?
2, 3
Suppose -4*c - 12 = -2*c. Let x(q) = q**2 + 4*q + 8. Let g be x(c). Suppose 10 + g = 3*s. What are the prime factors of s?
2, 5
Let s be (-2)/(-2)*(2 + 3). Let o be s/(-1)*(-6)/10. Suppose 4 = -o*h + 31. What are the prime factors of h?
3
Let y be (-2)/(-2 - -4) + 2. Suppose -3*n - 71 = -176. Suppose -4*a + n = -y. What are the prime factors of a?
3
Suppose 10*f - 5*f + 85 = 0. Let i be f + -2 + 4/1. Let k = 24 + i. List the prime factors of k.
3
Let z(k) = 3*k + 2